{"id":115,"date":"2023-02-22T07:19:55","date_gmt":"2023-02-22T07:19:55","guid":{"rendered":"https:\/\/faai.ath.edu.pl\/?page_id=115"},"modified":"2023-02-22T07:20:30","modified_gmt":"2023-02-22T07:20:30","slug":"zasady-ochrany-osobnych-udajov-2","status":"publish","type":"page","link":"https:\/\/faai.ath.edu.pl\/?page_id=115&lang=sk","title":{"rendered":"Z\u00e1sady ochrany osobn\u00fdch \u00fadajov"},"content":{"rendered":"<figure class=\"wp-block-embed is-type-wp-embed is-provider-akademia-techniczno-humanistyczna-w-bielsku-bialej wp-block-embed-akademia-techniczno-humanistyczna-w-bielsku-bialej\">\r\n<div class=\"wp-block-embed__wrapper\">https:\/\/www.ath.bielsko.pl\/polityka-prywatnosci\/<\/div><\/figure>\r\n<!-- \/wp:post-content --><!-- wp:embed {\"url\":\"https:\/\/www.ath.bielsko.pl\/klauzula-informacyjna-rodo\",\"type\":\"wp-embed\",\"providerNameSlug\":\"akademia-techniczno-humanistyczna-w-bielsku-bialej\"} -->\r\n<figure class=\"wp-block-embed is-type-wp-embed is-provider-akademia-techniczno-humanistyczna-w-bielsku-bialej wp-block-embed-akademia-techniczno-humanistyczna-w-bielsku-bialej\">\r\n<div class=\"wp-block-embed__wrapper\">https:\/\/www.ath.bielsko.pl\/klauzula-informacyjna-rodo<\/div><\/figure>","protected":false},"excerpt":{"rendered":"<p>https:\/\/www.ath.bielsko.pl\/polityka-prywatnosci\/ https:\/\/www.ath.bielsko.pl\/klauzula-informacyjna-rodo<\/p>\n","protected":false},"author":1,"featured_media":0,"parent":0,"menu_order":0,"comment_status":"closed","ping_status":"closed","template":"","meta":{"footnotes":""},"class_list":["post-115","page","type-page","status-publish","hentry"],"_links":{"self":[{"href":"https:\/\/faai.ath.edu.pl\/index.php?rest_route=\/wp\/v2\/pages\/115","targetHints":{"allow":["GET"]}}],"collection":[{"href":"https:\/\/faai.ath.edu.pl\/index.php?rest_route=\/wp\/v2\/pages"}],"about":[{"href":"https:\/\/faai.ath.edu.pl\/index.php?rest_route=\/wp\/v2\/types\/page"}],"author":[{"embeddable":true,"href":"https:\/\/faai.ath.edu.pl\/index.php?rest_route=\/wp\/v2\/users\/1"}],"replies":[{"embeddable":true,"href":"https:\/\/faai.ath.edu.pl\/index.php?rest_route=%2Fwp%2Fv2%2Fcomments&post=115"}],"version-history":[{"count":2,"href":"https:\/\/faai.ath.edu.pl\/index.php?rest_route=\/wp\/v2\/pages\/115\/revisions"}],"predecessor-version":[{"id":118,"href":"https:\/\/faai.ath.edu.pl\/index.php?rest_route=\/wp\/v2\/pages\/115\/revisions\/118"}],"wp:attachment":[{"href":"https:\/\/faai.ath.edu.pl\/index.php?rest_route=%2Fwp%2Fv2%2Fmedia&parent=115"}],"curies":[{"name":"wp","href":"https:\/\/api.w.org\/{rel}","templated":true}]}}