{"id":33,"date":"2022-11-16T07:01:51","date_gmt":"2022-11-16T07:01:51","guid":{"rendered":"https:\/\/faai.ath.edu.pl\/?page_id=33"},"modified":"2024-10-24T18:25:06","modified_gmt":"2024-10-24T18:25:06","slug":"o-nas","status":"publish","type":"page","link":"https:\/\/faai.ath.edu.pl\/?page_id=33&lang=pl","title":{"rendered":"O nas"},"content":{"rendered":"<p style=\"text-align: center;\">Witamy w <strong>FAAI Smart JobHub<\/strong><\/p>\r\n<p style=\"text-align: center;\">w ramach projektu Erasmus+: <strong>FAAI JOB HUB Przysz\u0142o\u015b\u0107 jest w zastosowanej sztucznej inteligencji<\/strong><\/p>\r\n<p style=\"text-align: center;\">Numer projektu: <strong>2022-1-PL01-KA220-HED-000088359<\/strong><\/p>\r\n<p style=\"text-align: center;\">Projekt zrzesza pi\u0119\u0107 uniwersytet\u00f3w:<\/p>\r\n<p><img loading=\"lazy\" decoding=\"async\" class=\"size-full wp-image-712 aligncenter\" src=\"https:\/\/faai.ath.edu.pl\/wp-content\/uploads\/2024\/10\/loga.png\" alt=\"\" width=\"826\" height=\"175\" srcset=\"https:\/\/faai.ath.edu.pl\/wp-content\/uploads\/2024\/10\/loga.png 826w, https:\/\/faai.ath.edu.pl\/wp-content\/uploads\/2024\/10\/loga-300x64.png 300w, https:\/\/faai.ath.edu.pl\/wp-content\/uploads\/2024\/10\/loga-768x163.png 768w, https:\/\/faai.ath.edu.pl\/wp-content\/uploads\/2024\/10\/loga-604x128.png 604w\" sizes=\"auto, (max-width: 826px) 100vw, 826px\" \/><\/p>\r\n<p><!-- \/wp:post-content -->\r\n\r\n<!-- wp::paragraph --><\/p>\r\n<p style=\"text-align: center;\"><a href=\"http:\/\/www.ath.bielsko.pl\/\">UNIVERSITY OF BIELSKO-BIALA &#8211; POLAND<\/a><\/p>\r\n<p style=\"text-align: center;\"><a href=\"https:\/\/www.unibit.bg\/\">UNIVERSITY OF LIBRARY STUDIES AND INFORMATION TECHNOLOGIES &#8211; BULGARIA<\/a><\/p>\r\n<p style=\"text-align: center;\"><a href=\"https:\/\/www.ni.ac.rs\/\">UNIVERSITY OF NIS\u00a0&#8211; SERBIA<\/a><\/p>\r\n<p style=\"text-align: center;\"><a href=\"https:\/\/www.ucg.ac.me\/\">UNIVERSITY OF MONTENEGRO<\/a><\/p>\r\n<p><!-- \/wp:paragraph -->\r\n\r\n<!-- wp:paragraph --><\/p>\r\n<p style=\"text-align: center;\"><a href=\"https:\/\/www.ucm.sk\/en\/\">UNIVERSITY OF SS. CYRIL AND METHODIUS IN TRNAVA &#8211; SLOVAKIA<\/a><\/p>\r\n<p>&nbsp;<\/p>\r\n<p><!-- \/wp:paragraph -->\r\n\r\n<!-- wp:paragraph --><\/p>\r\n<p style=\"text-align: center;\">Projekt \u201cPrzysz\u0142o\u015b\u0107 jest w zastosowanej sztucznej inteligencji\u201d (FAAI) ma na celu po\u0142\u0105czenie instytucji szkolnictwa wy\u017cszego (HEI) i przedsi\u0119biorstw w celu dostosowania kompetencji i profili zawodowych. Ta wsp\u00f3\u0142praca zapewni innowacyjne rozwi\u0105zania w zakresie szkolenia ekspert\u00f3w w dziedzinie uczenia maszynowego i sztucznej inteligencji. Ramy nauczania opieraj\u0105 si\u0119 na \u201cIEEE FEDERATED MACHINE LEARNING WHITE PAPER\u201d. B\u0119d\u0105 one obserwowane i \u201cTHE IEEE GLOBAL INITIATIVE ON ETHICS OF AUTONOMOUS AND INTELLIGENT SYSTEMS\u201d. W tym kontek\u015bcie projekt ma na celu:<\/p>\r\n<p style=\"text-align: center;\">a) zniwelowanie obecnej luki w umiej\u0119tno\u015bciach cyfrowych w niekt\u00f3rych krajach europejskich, zgodnie z kampani\u0105 Komisji Europejskiej \u2018e-Skills for jobs\u2019.<\/p>\r\n<p style=\"text-align: center;\">b) budowanie ekosystemu kluczowych partner\u00f3w w celu stworzenia portu dost\u0119pu do niedoreprezentowanych zasob\u00f3w talent\u00f3w.<\/p>\r\n<p style=\"text-align: center;\">c) identyfikacj\u0119 niedoreprezentowanych umiej\u0119tno\u015bci, uzasadnienie zjawiska utalentowanych os\u00f3b, kt\u00f3re nie posiadaj\u0105 tradycyjnych kwalifikacji, aby zdoby\u0107 dobr\u0105 prac\u0119 w dziedzinie AI;<\/p>\r\n<p style=\"text-align: center;\">d) promowanie mo\u017cliwo\u015bci biznesowych poprzez AI Job Hub mi\u0119dzy uniwersytetami a przedsi\u0119biorstwami, w tym na podstawie skutecznych rozwi\u0105za\u0144 opartych na sztucznej inteligencji w rzeczywistym \u015bwiecie.<\/p>\r\n<p style=\"text-align: center;\">e) wspieranie tworzenia program\u00f3w sta\u017cowych, nadzoru doktorant\u00f3w mi\u0119dzy HEI a biznesem poprzez AI Job Hub.<\/p>\r\n<p style=\"text-align: center;\">f) uruchamianie nowych inicjatyw w celu zapewnienia, \u017ce te umiej\u0119tno\u015bci s\u0105 odpowiednio promowane w programach nauczania, w rozwoju nauczycieli, w praktykach oceny i w tre\u015bciach edukacyjnych, \u0142\u0105cz\u0105c nowe trendy ICT, Big Data i AI, nowe narz\u0119dzia edukacyjne i zasoby edukacyjne, kt\u00f3re b\u0119d\u0105 zbierane, przetwarzane i rozpowszechniane poprzez Smart AI Job Hub w celu modernizacji program\u00f3w nauczania i dalszego rozwoju.<\/p>\r\n<p style=\"text-align: center;\">Projekt FAAI zrzesza czterech partner\u00f3w z pi\u0119ciu kraj\u00f3w europejskich: Polski, Bu\u0142garii, S\u0142owacji, Serbii i Czarnog\u00f3ry. Aby osi\u0105gn\u0105\u0107 wymienione cele, projekt FAAI obejmuje trzy dzia\u0142ania dydaktyczne\/szkoleniowe skoncentrowane na:<\/p>\r\n<p style=\"text-align: center;\">1. Trenerach HEI<br \/>2. Studentach studi\u00f3w licencjackich i magisterskich<br \/>3. Mened\u017cerach biznesowych<br \/>Ponadto projekt obejmuje organizacj\u0119 czterech wydarze\u0144 multiplikacyjnych, maj\u0105cych na celu rozpowszechnianie czterech pakiet\u00f3w roboczych projektu (\u201cDobre praktyki w wykorzystaniu sztucznej inteligencji i uczenia maszynowego\u201d, \u201cUstalanie wymaga\u0144 dotycz\u0105cych nauczania sztucznej inteligencji\u201d, \u201cRamy sztucznej inteligencji dla szkolenia w HE\u201d, \u201cPilota\u017c\u201d).<\/p>\r\n<p style=\"text-align: center;\">\u00a0<\/p>","protected":false},"excerpt":{"rendered":"<p>Witamy w FAAI Smart JobHub w ramach projektu Erasmus+: FAAI JOB HUB Przysz\u0142o\u015b\u0107 jest w zastosowanej sztucznej inteligencji Numer projektu: 2022-1-PL01-KA220-HED-000088359 Projekt zrzesza pi\u0119\u0107 uniwersytet\u00f3w: UNIVERSITY OF BIELSKO-BIALA &#8211; POLAND UNIVERSITY OF LIBRARY STUDIES AND INFORMATION TECHNOLOGIES &#8211; BULGARIA UNIVERSITY OF NIS\u00a0&#8211; SERBIA UNIVERSITY OF MONTENEGRO UNIVERSITY OF SS. CYRIL AND METHODIUS IN TRNAVA &#8211; &hellip; <\/p>\n<p class=\"read-more\"><a class=\"btn btn-default\" href=\"https:\/\/faai.ath.edu.pl\/?page_id=33&#038;lang=pl\"> Read More<span class=\"screen-reader-text\">  Read More<\/span><\/a><\/p>\n","protected":false},"author":1,"featured_media":0,"parent":0,"menu_order":0,"comment_status":"closed","ping_status":"closed","template":"","meta":{"footnotes":""},"class_list":["post-33","page","type-page","status-publish","hentry"],"_links":{"self":[{"href":"https:\/\/faai.ath.edu.pl\/index.php?rest_route=\/wp\/v2\/pages\/33","targetHints":{"allow":["GET"]}}],"collection":[{"href":"https:\/\/faai.ath.edu.pl\/index.php?rest_route=\/wp\/v2\/pages"}],"about":[{"href":"https:\/\/faai.ath.edu.pl\/index.php?rest_route=\/wp\/v2\/types\/page"}],"author":[{"embeddable":true,"href":"https:\/\/faai.ath.edu.pl\/index.php?rest_route=\/wp\/v2\/users\/1"}],"replies":[{"embeddable":true,"href":"https:\/\/faai.ath.edu.pl\/index.php?rest_route=%2Fwp%2Fv2%2Fcomments&post=33"}],"version-history":[{"count":5,"href":"https:\/\/faai.ath.edu.pl\/index.php?rest_route=\/wp\/v2\/pages\/33\/revisions"}],"predecessor-version":[{"id":62,"href":"https:\/\/faai.ath.edu.pl\/index.php?rest_route=\/wp\/v2\/pages\/33\/revisions\/62"}],"wp:attachment":[{"href":"https:\/\/faai.ath.edu.pl\/index.php?rest_route=%2Fwp%2Fv2%2Fmedia&parent=33"}],"curies":[{"name":"wp","href":"https:\/\/api.w.org\/{rel}","templated":true}]}}